*u - 4 = 0. Suppose -w = 3*o, -5*r = -2*r - 2*o - 26. Calculate the greatest common factor of 48 and r.
6
Let q(x) = 2*x**2 + x - 4. Let l be q(-2). Suppose 6*s - 72 = -4*j + 2*s, l*j - s = 48. Calculate the greatest common factor of j and 2.
2
Suppose 42*h = 28*h + 1260. Calculate the greatest common factor of h and 495.
45
Let r(o) = -6*o**3 - 2*o**2 + 7*o - 4. Let x be r(-4). Calculate the highest common factor of 30 and x.
10
Let c be (0 - -5)*6/2. Let b = -197 + 302. Calculate the greatest common factor of b and c.
15
Let x(a) = -9*a**2 - 338*a + 24. Let l be x(-37). Calculate the highest common factor of l and 19.
19
Suppose -5*u + 6*u = -24. Let j be (-12)/(-1)*(-126)/u. Suppose 18 = -0*z + 2*z. What is the highest common factor of z and j?
9
Let x be (-3 - -5)/(1/6). Let d be 6/27 + (-340)/(-9). Let s = d + -14. What is the highest common divisor of x and s?
12
Let m(w) = -w**3 - 7*w**2 - 5*w + 7. Let c be m(-6). Let j(o) = 2*o**2 + 2. Let t be j(0). Suppose -t*r = -7 - 3. What is the highest common divisor of r and c?
1
Let r(b) = 2*b**2 - 5*b - 13. Let c be r(5). Calculate the greatest common factor of 18 and c.
6
Suppose -16*u + 532 = 148. Calculate the highest common divisor of 2568 and u.
24
Let t be 2 - (8/(-2) - -10). Let u = t + 4. Suppose 20 = 5*w, u = n - 0*w + w - 36. Calculate the highest common factor of n and 64.
32
Let w(k) = -k**3 + 5*k**2 + 51*k - 8. Let f be w(10). What is the highest common divisor of 32 and f?
2
Let b = 970 - 934. Suppose 0*i + 48 = -i. Let u be (6/(-8))/(2/i). Calculate the highest common divisor of b and u.
18
Let c = -30 + 30. Suppose 4*w = 5*t - 380, 2*t = -c*w - 5*w + 119. What is the greatest common divisor of 48 and t?
24
Suppose 3*q = -0*q + 12. Suppose -4 = -q*u + 20. Suppose 0 = -4*z + 12, -2*f - 3*z + 8*z = -21. What is the highest common factor of u and f?
6
Let z be ((-2332)/(-28) - 6/21) + 1. Calculate the greatest common factor of 21 and z.
21
Let g = -25 - -45. Suppose -p + 0*p - r = -8, 0 = 3*p - r - g. Let a = p + -2. Calculate the greatest common factor of 10 and a.
5
Suppose 291 + 45 = 12*p. What is the highest common factor of 756 and p?
28
Let z = 742 - 183. What is the greatest common divisor of 13 and z?
13
Let b(x) = 2*x**3 - 5*x**2 - 2*x + 2. Suppose -3*t - 12 = -5*t. Let m be (t/1)/((-18)/(-12)). Let y be b(m). Calculate the greatest common factor of y and 28.
14
Suppose -m = -15 + 10. Let c(j) = 32*j - 4. Let g be c(4). Suppose 3*o = m*y + 396, o - 8 = 5*y + g. Calculate the highest common divisor of o and 12.
12
Let m = -68 - -71. Suppose 2*l - m - 31 = -3*x, 0 = 4*x + 5*l - 50. What is the greatest common factor of x and 10?
10
Let b(x) = -3 + 2*x - 1 + 1. Let m be b(6). Let j = m + -8. What is the highest common divisor of 8 and j?
1
Let d(c) = -44*c + 21. Let p be d(-3). What is the highest common factor of p and 9?
9
Let i(l) = l**3 + l**2 + l + 133. Let z be i(0). Let v be 336/10 + 6/(-10). Let m = z - v. Calculate the highest common factor of 10 and m.
10
Suppose -2*h - 3536 = -5*a + 114, 5*a - 3640 = 4*h. Suppose -5*g + 4*z + 233 = -4*g, 3*g = z + a. What is the highest common divisor of 35 and g?
35
Suppose -k + 26*b = 31*b - 545, 2272 = 4*k - 3*b. What is the greatest common factor of k and 339?
113
Let i = 13 - 9. Suppose -5*a + 35 = 5*n, -i*n + 12 = 2*a - 6*a. Suppose -30 = -n*j + 3*j. Calculate the greatest common divisor of j and 60.
15
Suppose 2*o = 5*o - 531. Let k = -174 + o. What is the greatest common factor of 51 and k?
3
Let g = 189 + -334. Let m = g + 151. What is the highest common divisor of 42 and m?
6
Suppose 0 = 3*i + a - 192, i + 2*i - 4*a = 207. Let w(o) = -o**3 + 9*o**2 + 53*o - 456. Let b be w(7). What is the greatest common factor of b and i?
13
Suppose 0 = 3*b - 6 - 120. Suppose 5*d - 150 - 60 = 0. Let o be d*2/18*6. Calculate the highest common factor of b and o.
14
Let z(w) = w**3 - 23*w**2 + 6*w - 12. Let y be z(23). Suppose -q + 56 = 3*q. Calculate the highest common divisor of y and q.
14
Let y be (-3168)/(-51) - 4/34. What is the highest common divisor of 186 and y?
62
Suppose t - 25 - 217 = -f, 4*f = -t + 236. Calculate the greatest common factor of 61 and t.
61
Let a be 2/(-5) + (-36)/(-15). Suppose -m + 39 = a*m. What is the highest common divisor of 13 and m?
13
Suppose -s = 19 - 21. What is the highest common divisor of 7 and s?
1
Suppose 10*i = 15*i + 330. Let z = -43 - i. Calculate the highest common factor of 207 and z.
23
Let l be (-4)/10 - (-364)/10. Suppose g = 4*g - l. Suppose -5*c = -7*c + 168. Calculate the highest common factor of g and c.
12
Suppose w = -2 + 10. Suppose -9*o = -v - 8*o + 6, -3*v = -5*o - 22. What is the highest common factor of w and v?
4
Suppose 205 = -15*v - 5. Let z = -35 - -49. Let m be (-64)/v + (-8)/z. What is the highest common factor of 8 and m?
4
Let m = 1746 - 1213. Calculate the highest common factor of m and 39.
13
Suppose -5*p + 468 = 2*d, 33*d - 34*d - 88 = -p. Calculate the greatest common factor of p and 138.
46
Let x = 3 + 7. Suppose l + x = 5*r, -r + 4*l + 21 = -0. What is the greatest common divisor of r and 11?
1
Suppose -2*x = 4*j - 154, 6*j - 246 = -3*x + 5*j. Suppose 0*a + 3*a + 4*k - x = 0, 3*a = -5*k + 82. Calculate the greatest common factor of a and 58.
29
Let n(q) = 6*q**2 + 5*q + 3. Let z be n(-2). Let g(v) = v + 17. Let h be g(z). What is the highest common factor of 34 and h?
34
Suppose -4*q + 3*q = -9. Suppose -3*m - 7 = -2*f, 0 = -5*f + 5*m + 14 + 1. Let l be 55/6 - f/12. What is the highest common factor of l and q?
9
Let a = -55 + 132. Let y = -4116 + 4123. What is the greatest common factor of y and a?
7
Let p be (-534)/45 + (-12)/90. Let n = p + 6. Let t(r) = -4*r + 6. Let m be t(n). Calculate the highest common factor of 60 and m.
30
Suppose -13*k + 10*k - 5*u = -955, -5*u = -2*k + 595. Calculate the highest common divisor of 10 and k.
10
Suppose 2*b + 21 = 3*k + 52, 5*b - 2*k - 50 = 0. Suppose 7*y - 54 = 4*y - 3*r, 4*r + 4 = 0. Let w = y - 11. What is the greatest common factor of w and b?
8
Let u(q) = -q**3 + 13*q**2 - 3*q - 12. Let d be u(13). Let h = -3 - d. What is the greatest common factor of h and 6?
6
Suppose v - 2*g - 53 - 64 = 0, -3*g = v - 132. Calculate the greatest common divisor of 82 and v.
41
Let z be (-8)/56 - (-92)/7. Let f be 3/(-6)*4/(-2). Let p = z - f. What is the greatest common factor of 18 and p?
6
Let f = -668 + 692. What is the greatest common factor of 3624 and f?
24
Suppose 2*c + 6 - 4 = 0. Let j be (-5 - 11/c)*(-10)/(-6). Calculate the highest common divisor of j and 4.
2
Suppose -a - 2 = 4*n - n, 0 = 4*a + 2*n + 28. Let t be ((-14)/a)/(20/160). Let x be (-1)/(-4) + (-27)/(-4). What is the greatest common factor of t and x?
7
Suppose r - q - 31 = 0, -2*q - 31 = 4*r - 149. Calculate the highest common factor of r and 1590.
30
Let k be (16/(-8) - -27)*19. Calculate the highest common factor of 25 and k.
25
Suppose 7*n - 41*n + 38556 = 0. What is the highest common factor of 14 and n?
14
Let l = 6 - -5. Let c(q) = -19*q - 2. Let m(h) = 4*h + 1. Let i be m(-1). Let k be c(i). Calculate the greatest common divisor of k and l.
11
Let l be 1*(1/3)/((-2)/(-30)). Suppose -9*r = -l*r - 160. What is the greatest common factor of 5 and r?
5
Suppose -6*l + 116 = -5*l + 2*h, 4*l + h - 436 = 0. Suppose -f = 2*m - 18 - 9, 0 = -4*f + m + l. Calculate the greatest common factor of f and 189.
27
Let c(z) = z**2 - z + 11. Let t be c(0). Suppose t + 2 = b. Let w(k) = 13*k**3. Let u be w(1). Calculate the greatest common factor of u and b.
13
Let f be -6*(-3 + (-33)/(-9)). Let k(y) = y**3 + 6*y**2 + 8*y + 10. Let u be k(f). Calculate the highest common divisor of u and 10.
10
Suppose 5*z = 25, -y - 5*z = -z - 36. Let t be -3 + (-3 + 2)*-179. Calculate the greatest common divisor of t and y.
16
Let j = 255 + -239. What is the greatest common divisor of 88 and j?
8
Let n be (-2 - -7)*(-6)/(-15) - -288. Calculate the highest common divisor of 10 and n.
10
Suppose 3*t - 1312 = -5*t. Let v = t + -132. What is the highest common divisor of 128 and v?
32
Suppose -g = 5*v + 5, 4 = 3*g - 3*v + 1. Let i be -6*1/(-3) - (g - 0). What is the highest common factor of 2 and i?
2
Suppose -f + 221 = 53. Let w be (4/14)/(24/f). What is the highest common divisor of 6 